2.
2, 13, 332892257
List the prime factors of 36993911.
71, 521041
What are the prime factors of 1291875?
3, 5, 13, 53
List the prime factors of 75672978.
2, 3, 1019, 12377
What are the prime factors of 410291856?
2, 3, 13, 61, 3593
What are the prime factors of 1821537027?
3, 202393003
List the prime factors of 122432047.
4177, 29311
List the prime factors of 87968687.
29, 3033403
What are the prime factors of 1597359594?
2, 3, 353, 754183
What are the prime factors of 1217427483?
3, 83, 4889267
What are the prime factors of 147916184?
2, 13, 17, 83663
List the prime factors of 5221450185.
3, 5, 7, 449, 110753
List the prime factors of 1202789976.
2, 3, 431, 116279
List the prime factors of 12428683.
17, 491, 1489
What are the prime factors of 2025718781?
2025718781
List the prime factors of 1992938331.
3, 809, 821153
What are the prime factors of 33036633?
3, 7, 24971
List the prime factors of 1425304763.
31, 163, 282071
What are the prime factors of 363778119?
3, 40419791
What are the prime factors of 383456899?
7, 7825651
What are the prime factors of 5214359338?
2, 28559, 91291
What are the prime factors of 49325610?
2, 3, 5, 587, 2801
What are the prime factors of 1295677612?
2, 31, 10449013
List the prime factors of 710519949.
3, 59, 137, 9767
List the prime factors of 4005670.
2, 5, 103, 3889
List the prime factors of 32019786.
2, 3, 239, 827
What are the prime factors of 618105034?
2, 1993, 155069
List the prime factors of 68657013.
3, 19, 331, 1213
List the prime factors of 2591101475.
5, 103, 1006253
List the prime factors of 37701598.
2, 11, 1713709
What are the prime factors of 3963884109?
3, 1321294703
What are the prime factors of 211640390?
2, 5, 13, 125231
List the prime factors of 27933306.
2, 3, 19, 245029
List the prime factors of 46056762.
2, 3, 31, 1019
What are the prime factors of 707429030?
2, 5, 7, 11, 571, 1609
What are the prime factors of 186191486?
2, 13, 23, 503, 619
List the prime factors of 51778671.
3, 7, 2465651
What are the prime factors of 261283838?
2, 1483, 88093
What are the prime factors of 945220780?
2, 5, 7, 29, 79, 421
List the prime factors of 133385456.
2, 8336591
List the prime factors of 2126103608.
2, 265762951
What are the prime factors of 1046932490?
2, 5, 19, 79, 3671
What are the prime factors of 246256867?
37, 6655591
List the prime factors of 38311280.
2, 5, 7, 37, 43
List the prime factors of 242416484.
2, 769, 78809
List the prime factors of 225134366.
2, 17, 29, 228331
What are the prime factors of 1204734545?
5, 7, 139, 247633
What are the prime factors of 94715548?
2, 353, 67079
What are the prime factors of 57535632?
2, 3, 7, 11, 5189
List the prime factors of 1243468590.
2, 3, 5, 7, 13, 31, 2099
What are the prime factors of 5219126287?
103, 947, 53507
What are the prime factors of 1381485792?
2, 3, 14390477
List the prime factors of 776902551.
3, 258967517
List the prime factors of 416742238.
2, 11, 19, 29, 31, 1109
What are the prime factors of 2187009885?
3, 5, 43, 367, 9239
List the prime factors of 51547135.
5, 61, 169007
List the prime factors of 3969387.
3, 441043
List the prime factors of 222442962.
2, 3, 7, 347, 15263
List the prime factors of 221733830.
2, 5, 229, 96827
List the prime factors of 40672872.
2, 3, 181, 3121
What are the prime factors of 555499989?
3, 11, 510101
List the prime factors of 76891833.
3, 17, 599, 839
What are the prime factors of 321893743?
43, 7485901
List the prime factors of 79635697.
367, 216991
List the prime factors of 239703488.
2, 67, 55901
List the prime factors of 1930283239.
29, 41, 1623451
List the prime factors of 193412462.
2, 96706231
List the prime factors of 47843599.
101, 641, 739
List the prime factors of 5154321470.
2, 5, 515432147
What are the prime factors of 1755352137?
3, 7, 11, 691, 1571
List the prime factors of 480701715.
3, 5, 13, 73, 33769
List the prime factors of 68875192.
2, 271, 31769
List the prime factors of 59406008.
2, 19, 390829
List the prime factors of 639705452.
2, 19, 41, 205297
List the prime factors of 4753777.
7, 679111
What are the prime factors of 77235332?
2, 3637, 5309
List the prime factors of 538245524.
2, 107, 631, 1993
What are the prime factors of 395719130?
2, 5, 73, 542081
List the prime factors of 28512660.
2, 3, 5, 11, 43201
List the prime factors of 2607497191.
13, 397, 505231
List the prime factors of 1485751063.
67, 22175389
List the prime factors of 1722011120.
2, 5, 21525139
What are the prime factors of 778684869?
3, 37, 653, 3581
List the prime factors of 6032039304.
2, 3, 181, 211, 6581
What are the prime factors of 50613404?
2, 79, 160169
What are the prime factors of 129529208?
2, 167, 96953
List the prime factors of 46424396.
2, 23, 53, 9521
List the prime factors of 2212869020.
2, 5, 110643451
What are the prime factors of 91564935?
3, 5, 7, 11, 7207
What are the prime factors of 31153441?
11, 2832131
List the prime factors of 102925907.
7, 19, 773879
List the prime factors of 8514233.
7, 13, 93563
List the prime factors of 27481207.
13, 2113939
What are the prime factors of 34672651?
13, 127, 21001
List the prime factors of 74102471.
97, 763943
What are the prime factors of 1499950618?
2, 4409, 170101
List the prime factors of 51934387.
51934387
What are the prime factors of 665200544?
2, 101, 205817
List the prime factors of 1588171992.
2, 3, 11, 6015803
What are the prime factors of 421747853?
41, 10286533
List the prime factors of 467263633.
467263633
List the prime factors of 138780611.
113, 1228147
List the prime factors of 328212817.
328212817
List the prime factors of 108495297.
3, 653, 18461
List the prime factors of 287617275.
3, 5, 11, 79, 1471
What are the prime factors of 3159259958?
2, 107, 281, 491
What are the prime factors of 2187732273?
3, 1427, 511033
What are the prime factors of 321483429?
3, 907, 39383
What are the prime factors of 277154083?
19, 113, 129089
List the prime factors of 367457552.
2, 7, 11, 298261
List the prime factors of 2636376452.
2, 47, 14023279
List the prime factors of 3625067.
19, 190793
List the prime factors of 1424535603.
3, 2003, 237067
What are the prime factors of 23175588?
2, 3, 1931299
List the prime factors of 1419533914.
2, 193, 3677549
List the prime factors of 385073846.
2, 61, 137, 23039
List the prime factors of 82481865.
3, 5, 311, 17681
What are the prime factors of 19872380?
2, 5, 11, 59, 1531
List the prime factors of 42620841.
3, 1409, 3361
What are the prime factors of 127666138?
2, 3469, 18401
What are the prime factors of 18314414?
2, 523, 17509
List the prime factors of 27245242.
2, 47, 289843
What are the prime factors of 2786892035?
5, 131, 4254797
What are the prime factors of 2272846706?
2, 13, 23, 107, 35521
What are the prime factors of 1325018238?
2, 3, 19, 41, 283487
What are the prime factors of 305695161?
3, 19, 79, 397
List the prime factors of 176132470.
2, 5, 19, 927013
List the prime factors of 117376993.
17, 61, 113189
List the prime factors of 437971744.
2, 7, 83, 23557
List the prime factors of 31612519.
2309, 13691
List the prime factors of 899776440.
2, 3, 5, 83, 30113
What are the prime factors of 554934843?
3, 19, 37, 139, 631
List the prime factors of 7123939321.
571, 12476251
What are the prime factors of 5298126686?
2, 401, 6606143
List the prime factors of 12892398.
2, 3, 2148733
What are the prime factors of 1869063326?
2, 13, 19, 137, 27617
What are the prime factors of 99090324?
2, 3, 917503
List the prime factors of 6410702176.
2, 17, 11784379
What are the prime factors of 69600743?
19, 3663197
What are the prime factors of 51715601?
7, 7387943
What are the prime factors of 41541627?
3, 13847209
List the prime factors of 6466716.
2, 3, 6653
List the prime factors of 49957654.
2, 24978827
What are the prime factors of 226432446?
2, 3, 1831, 20611
What are the prime factors of 3311082224?
2, 31, 6675569
What are the prime factors of 10516974?
2, 3, 13, 109, 1237
List the prime factors of 1978182070.
2, 5, 53, 70423
List the prime factors of 3646180914.
2, 3, 653, 853, 1091
List the prime factors of 24450764.
2, 13, 470207
What are the prime factors of 102028029?
3, 34009343
What are the prime factors of 242241925?
5, 17, 19, 131, 229
List the prime factors of 1123787375.
5, 313, 28